{"id":229,"date":"2017-03-02T13:15:03","date_gmt":"2017-03-02T13:15:03","guid":{"rendered":"http:\/\/uwg-neu-wulmstorf.de\/?page_id=229"},"modified":"2017-03-02T13:15:03","modified_gmt":"2017-03-02T13:15:03","slug":"service-links","status":"publish","type":"page","link":"https:\/\/uwg-neu-wulmstorf.de\/?page_id=229","title":{"rendered":"Service + Links"},"content":{"rendered":"<p>[table id=2 \/]<\/p>\n<hr>\n<p>&nbsp;<\/p>\n<hr>\n<h3><strong>Bitte keine Gr\u00fcnabf\u00e4lle in der freien Landschaft entsorgen!<\/strong><\/h3>\n<div id=\"nolis_content_site\" class=\"nolis_content_site\">\n<p class=\"anreisser_detail\"><strong>Das Entsorgen von Gr\u00fcnabf\u00e4llen in der freien Natur ist nicht nur unsch\u00f6n anzusehen, es ist auch illegal. Bitte entsorgen Sie keine Gr\u00fcnabf\u00e4lle in der freien Landschaft.<\/strong><\/p>\n<div class=\"print_href print_abbr\">\n<div class=\"template1\">\n<div class=\"platz platz1\">\n<div class=\"rahmen\">\n<div class=\"innen\">\n<p>In den vergangenen Wochen wurde wiederholt festgestellt, dass auf \u00f6ffentlichen Gr\u00fcnfl\u00e4chen, an Waldr\u00e4ndern oder auf unbebauten Grundst\u00fccken im Gemeindegebiet Gartenabf\u00e4lle und Kompost abgeladen wurden.&nbsp;Die Erfahrung zeigt, dass es schnell Nachahmer gibt, die ebenfalls ihre Abf\u00e4lle in die Natur kippen, &#8222;weil da ja schon etwas liegt&#8220;.<\/p>\n<p>Von den Verursachern wird offenbar untersch\u00e4tzt, dass Gartenabf\u00e4lle in der Landschaft erhebliche Sch\u00e4den in der Natur anrichten. Wildlebende Pflanzen werden \u00fcberdeckt, die Aktivit\u00e4t der Bodenorganismen wird verringert und nicht zuletzt werden heimische Pflanzen und mit ihnen die darauf spezialisierten Insekten auch durch Pflanzenreste und\/oder Samen von exotischen bzw. artfremden Gartenpflanzen und Zierstr\u00e4uchern verdr\u00e4ngt.<\/p>\n<p>Besteht keine M\u00f6glichkeit, Gr\u00fcnabf\u00e4lle selbst zu kompostieren, k\u00f6nnen sie \u00fcber die regelm\u00e4\u00dfig stattfindende Stra\u00dfensammlung abgegeben oder auf den Entsorgungsanlagen des Landkreises angeliefert werden. Das Abfallwirtschaftszentrum Buxtehude-Ardestorf nimmt weiterhin den Gr\u00fcnabfall der Neu Wulmstorferinnen und Neu Wulmstorfer entgegen. Die Menge ist auf 500 Liter pro Anlieferung und \u00d6ffnungstag beschr\u00e4nkt.&nbsp;N\u00e4heres \u00fcber die Entsorgung von Gartenabf\u00e4llen kann der j\u00e4hrlich erscheinenden Abfallfibel des Landkreises Harburg entnommen oder im Internet unter <a class=\"link_katalog\" title=\"Link zur Abfallwirtschaft (http:\/\/www.abfallwirtschaft.landkreis-harburg.de)\" href=\"http:\/\/www.abfallwirtschaft.landkreis-harburg.de\" target=\"_blank\" rel=\"noopener noreferrer\">www.abfallwirtschaft.landkreis-harburg.de <\/a>abgerufen werden.<\/p>\n<p>Die Ablagerung von Gartenabf\u00e4llen in der freien Landschaft stellt zudem kein Kavaliersdelikt dar, sondern ist als widerrechtliche Abfallentsorgung zu werten. Das bedeutet, dass ein derartiges Handeln eine Ordnungswidrigkeit darstellt, die mit einer Geldbu\u00dfe geahndet werden kann.&nbsp;<\/p>\n<p>Da mit dem beginnenden Fr\u00fchjahr vermehrte Gartenarbeiten anstehen, appelliert der Fachdienst Ordnung an alle Einwohnerinnen und Einwohner, die Angebote zur Gr\u00fcnabfallentsorgung anzunehmen und auf diesem Wege mitzuhelfen, die Gr\u00fcnfl\u00e4chen im Gemeindegebiet von widerrechtlichen und unsch\u00f6nen Gartenabf\u00e4llen und sonstigem Unrat freizuhalten und zu verschonen.<\/p>\n<\/div>\n<\/div>\n<\/div>\n<\/div>\n<\/div>\n<\/div>\n<hr>\n<h3><strong>Fotofixautomat im Rathaus<\/strong><\/h3>\n<p><strong>Die erforderlichen biometrischen Passbilder f\u00fcr die Beantragung von P\u00e4ssen k\u00f6nnen jetzt direkt im Rathaus aufgenommen werden.<\/strong><\/p>\n<p><img loading=\"lazy\" decoding=\"async\" class=\"size-full wp-image-237 alignleft\" src=\"http:\/\/uwg-neu-wulmstorf.de\/wp-content\/uploads\/2017\/03\/fotofixautomat-913002902-20160-10.jpg\" alt=\"\" width=\"168\" height=\"242\">Ab sofort steht im Rathaus der Gemeinde Neu Wulmstorf ein sog. Fotofixautomat zur Verf\u00fcgung. In diesem Automaten k\u00f6nnen biometrische Passbilder aufgenommen werden, die f\u00fcr die Beantragung von allen Ausweisdokumenten zwingend erforderlich sind.&nbsp;F\u00fcnf biometrische Fotos kosten 6,00 Euro. Der Automat akzeptiert sowohl M\u00fcnzgeld als auch Scheine, er gibt jedoch kein Wechselgeld heraus. Im Fotofixautomaten k\u00f6nnen nur biometrische Bilder aufgenommen werden, sonstige Aufnahmen sind nicht m\u00f6glich.<\/p>\n<p>Die Aufnahmen aus dem Fotofixautomaten sind eine schnelle und g\u00fcnstige Alternative, wenn die Zeit f\u00fcr einen Besuch beim Fotografen fehlt. Wer sich jedoch w\u00fcnscht, dass die eigene \u201eSchokoladenseite\u201c perfekt in das rechte Licht ger\u00fcckt wird, sollte einen professionellen Fotografen aufsuchen.<\/p>\n<p>Der Fotofixautomat befindet sich im Erdgeschoss des Rathauses. Der Automat kann w\u00e4hrend der \u00d6ffnungszeiten des Rathauses genutzt werden. Die Gemeinde Neu Wulmstorf stellt lediglich den Platz f\u00fcr die Aufstellung des Automaten zur Verf\u00fcgung, Betreiber ist die Firma Fotofix Schnellphotoautomaten GmbH.<\/p>\n","protected":false},"excerpt":{"rendered":"<p>[table id=2 \/] &nbsp; Bitte keine Gr\u00fcnabf\u00e4lle in der freien Landschaft entsorgen! Das Entsorgen von Gr\u00fcnabf\u00e4llen in der freien Natur ist nicht nur unsch\u00f6n anzusehen, es ist auch illegal. Bitte entsorgen Sie keine Gr\u00fcnabf\u00e4lle in der freien Landschaft. In den vergangenen Wochen wurde wiederholt festgestellt, dass auf \u00f6ffentlichen Gr\u00fcnfl\u00e4chen, an Waldr\u00e4ndern oder auf unbebauten Grundst\u00fccken [&hellip;]<\/p>\n","protected":false},"author":2,"featured_media":0,"parent":0,"menu_order":6,"comment_status":"closed","ping_status":"closed","template":"","meta":{"footnotes":""},"class_list":["post-229","page","type-page","status-publish","hentry"],"_links":{"self":[{"href":"https:\/\/uwg-neu-wulmstorf.de\/index.php?rest_route=\/wp\/v2\/pages\/229","targetHints":{"allow":["GET"]}}],"collection":[{"href":"https:\/\/uwg-neu-wulmstorf.de\/index.php?rest_route=\/wp\/v2\/pages"}],"about":[{"href":"https:\/\/uwg-neu-wulmstorf.de\/index.php?rest_route=\/wp\/v2\/types\/page"}],"author":[{"embeddable":true,"href":"https:\/\/uwg-neu-wulmstorf.de\/index.php?rest_route=\/wp\/v2\/users\/2"}],"replies":[{"embeddable":true,"href":"https:\/\/uwg-neu-wulmstorf.de\/index.php?rest_route=%2Fwp%2Fv2%2Fcomments&post=229"}],"version-history":[{"count":0,"href":"https:\/\/uwg-neu-wulmstorf.de\/index.php?rest_route=\/wp\/v2\/pages\/229\/revisions"}],"wp:attachment":[{"href":"https:\/\/uwg-neu-wulmstorf.de\/index.php?rest_route=%2Fwp%2Fv2%2Fmedia&parent=229"}],"curies":[{"name":"wp","href":"https:\/\/api.w.org\/{rel}","templated":true}]}}